{"id":7976,"date":"2023-09-20T20:51:36","date_gmt":"2023-09-20T18:51:36","guid":{"rendered":"https:\/\/tienda.mascotascolombia.org\/index.php\/producto\/caja-fuerte-libro-diccionario-mediano\/"},"modified":"2023-09-20T21:37:47","modified_gmt":"2023-09-20T19:37:47","slug":"caja-fuerte-libro-diccionario-mediano","status":"publish","type":"product","link":"https:\/\/tienda.mascotascolombia.org\/index.php\/producto\/caja-fuerte-libro-diccionario-mediano\/","title":{"rendered":"Caja Fuerte Libro Diccionario Mediano"},"content":{"rendered":"<p>Caja de seguridad en forma de libro especialmente dise\u00f1ada para mantener tus pertenencias de valor, completamente seguras.<\/p>\n<p>Dise\u00f1o mejorado que incorpora la funci\u00f3n de clave para su apertura, con lo cual se convierte en el medio m\u00e1s seguro para esconder de ladrones y personas indelicadas sus posesiones de valor.<\/p>\n<h3>CARACTER\u00cdSTICAS:<\/h3>\n<ul>\n<li>Dise\u00f1o especial para pasar desapercibido logrando encajar a la perfecci\u00f3n entre los libros de tu biblioteca.<\/li>\n<li>Ahorra tu dinero en un lugar mega seguro en tu habitaci\u00f3n.<\/li>\n<\/ul>\n<h3>ESPECIFICACIONES:<\/h3>\n<ul>\n<li>Estructura en acero.<\/li>\n<li>Camuflado perfecto.<\/li>\n<li>Especial para guardar objetos personales.<\/li>\n<li>Dimensiones:&nbsp;\n<ul>\n<li>Mediano:&nbsp;24,2 cm de alto x 5,7 cm de ancho x 15,7 cm de largo.<\/li>\n<\/ul>\n<\/li>\n<\/ul>\n<h3>INCLUYE:<\/h3>\n<ul>\n<li>1 Caja Fuerte Libro con clave.<\/li>\n<li>2 Llaves de seguridad.<\/li>\n<\/ul>\n","protected":false},"excerpt":{"rendered":"<p>Caja de seguridad en forma de libro especialmente dise\u00f1ada para mantener tus pertenencias de valor, completamente seguras. Dise\u00f1o mejorado que incorpora la funci\u00f3n de clave para su apertura, con lo cual se convierte en el medio m\u00e1s seguro para esconder de ladrones y personas indelicadas sus posesiones de valor. CARACTER\u00cdSTICAS: Dise\u00f1o especial para pasar desapercibido [&hellip;]<\/p>\n","protected":false},"featured_media":7977,"template":"","meta":{"ocean_post_layout":"","ocean_both_sidebars_style":"","ocean_both_sidebars_content_width":0,"ocean_both_sidebars_sidebars_width":0,"ocean_sidebar":"","ocean_second_sidebar":"","ocean_disable_margins":"enable","ocean_add_body_class":"","ocean_shortcode_before_top_bar":"","ocean_shortcode_after_top_bar":"","ocean_shortcode_before_header":"","ocean_shortcode_after_header":"","ocean_has_shortcode":"","ocean_shortcode_after_title":"","ocean_shortcode_before_footer_widgets":"","ocean_shortcode_after_footer_widgets":"","ocean_shortcode_before_footer_bottom":"","ocean_shortcode_after_footer_bottom":"","ocean_display_top_bar":"default","ocean_display_header":"default","ocean_header_style":"","ocean_center_header_left_menu":"","ocean_custom_header_template":"","ocean_custom_logo":0,"ocean_custom_retina_logo":0,"ocean_custom_logo_max_width":0,"ocean_custom_logo_tablet_max_width":0,"ocean_custom_logo_mobile_max_width":0,"ocean_custom_logo_max_height":0,"ocean_custom_logo_tablet_max_height":0,"ocean_custom_logo_mobile_max_height":0,"ocean_header_custom_menu":"","ocean_menu_typo_font_family":"","ocean_menu_typo_font_subset":"","ocean_menu_typo_font_size":0,"ocean_menu_typo_font_size_tablet":0,"ocean_menu_typo_font_size_mobile":0,"ocean_menu_typo_font_size_unit":"px","ocean_menu_typo_font_weight":"","ocean_menu_typo_font_weight_tablet":"","ocean_menu_typo_font_weight_mobile":"","ocean_menu_typo_transform":"","ocean_menu_typo_transform_tablet":"","ocean_menu_typo_transform_mobile":"","ocean_menu_typo_line_height":0,"ocean_menu_typo_line_height_tablet":0,"ocean_menu_typo_line_height_mobile":0,"ocean_menu_typo_line_height_unit":"","ocean_menu_typo_spacing":0,"ocean_menu_typo_spacing_tablet":0,"ocean_menu_typo_spacing_mobile":0,"ocean_menu_typo_spacing_unit":"","ocean_menu_link_color":"","ocean_menu_link_color_hover":"","ocean_menu_link_color_active":"","ocean_menu_link_background":"","ocean_menu_link_hover_background":"","ocean_menu_link_active_background":"","ocean_menu_social_links_bg":"","ocean_menu_social_hover_links_bg":"","ocean_menu_social_links_color":"","ocean_menu_social_hover_links_color":"","ocean_disable_title":"default","ocean_disable_heading":"default","ocean_post_title":"","ocean_post_subheading":"","ocean_post_title_style":"","ocean_post_title_background_color":"","ocean_post_title_background":0,"ocean_post_title_bg_image_position":"","ocean_post_title_bg_image_attachment":"","ocean_post_title_bg_image_repeat":"","ocean_post_title_bg_image_size":"","ocean_post_title_height":0,"ocean_post_title_bg_overlay":0.5,"ocean_post_title_bg_overlay_color":"","ocean_disable_breadcrumbs":"default","ocean_breadcrumbs_color":"","ocean_breadcrumbs_separator_color":"","ocean_breadcrumbs_links_color":"","ocean_breadcrumbs_links_hover_color":"","ocean_display_footer_widgets":"default","ocean_display_footer_bottom":"default","ocean_custom_footer_template":""},"product_cat":[17],"product_tag":[],"class_list":{"0":"post-7976","1":"product","2":"type-product","3":"status-publish","4":"has-post-thumbnail","5":"hentry","6":"product_cat-hogar","8":"entry","9":"has-media","10":"owp-thumbs-layout-horizontal","11":"owp-btn-normal","12":"owp-tabs-layout-horizontal","13":"has-no-thumbnails","14":"has-product-nav"},"jetpack_sharing_enabled":true,"_links":{"self":[{"href":"https:\/\/tienda.mascotascolombia.org\/index.php\/wp-json\/wp\/v2\/product\/7976","targetHints":{"allow":["GET"]}}],"collection":[{"href":"https:\/\/tienda.mascotascolombia.org\/index.php\/wp-json\/wp\/v2\/product"}],"about":[{"href":"https:\/\/tienda.mascotascolombia.org\/index.php\/wp-json\/wp\/v2\/types\/product"}],"wp:featuredmedia":[{"embeddable":true,"href":"https:\/\/tienda.mascotascolombia.org\/index.php\/wp-json\/wp\/v2\/media\/7977"}],"wp:attachment":[{"href":"https:\/\/tienda.mascotascolombia.org\/index.php\/wp-json\/wp\/v2\/media?parent=7976"}],"wp:term":[{"taxonomy":"product_cat","embeddable":true,"href":"https:\/\/tienda.mascotascolombia.org\/index.php\/wp-json\/wp\/v2\/product_cat?post=7976"},{"taxonomy":"product_tag","embeddable":true,"href":"https:\/\/tienda.mascotascolombia.org\/index.php\/wp-json\/wp\/v2\/product_tag?post=7976"}],"curies":[{"name":"wp","href":"https:\/\/api.w.org\/{rel}","templated":true}]}}