{"id":7162,"date":"2023-09-20T19:02:18","date_gmt":"2023-09-20T17:02:18","guid":{"rendered":"https:\/\/tienda.mascotascolombia.org\/index.php\/producto\/lenguas-falsas-elasticas-y-realistas-x2\/"},"modified":"2023-09-20T19:11:45","modified_gmt":"2023-09-20T17:11:45","slug":"lenguas-falsas-elasticas-y-realistas-x2","status":"publish","type":"product","link":"https:\/\/tienda.mascotascolombia.org\/index.php\/producto\/lenguas-falsas-elasticas-y-realistas-x2\/","title":{"rendered":"Lenguas Falsas El\u00e1sticas y Realistas X2"},"content":{"rendered":"<p><strong>La lengua falsa<\/strong> parece real, ideal para hacer <strong>bromas,<\/strong> es muy&nbsp;entretenido jugar con la lengua, puedes tomarte fotos estirando la lengua y pasar un momento de mucha diversi\u00f3n, parecer\u00e1s como ni\u00f1o peque\u00f1o estrenando juguete. Disfruta momentos agradables con familiares y amigos distray\u00e9ndose de la rutina diaria.&nbsp;<\/p>\n<p>Tendr\u00e1s dos lenguas falsas para lograr disfrutar con otra persona y hagan bromas, jueguen y pasen momentos divertidos y graciosos con esta lengua, adem\u00e1s puedes sacar fotos muy extrovertidas para que queden grabadas en el celular y recuerdes ese instante.&nbsp;&nbsp;<\/p>\n<p><strong>CARACTER\u00cdSTICAS:<\/strong><\/p>\n<ul>\n<li>Se estira, gira y hasta se puede perforar<\/li>\n<li>No t\u00f3xico, realista, el\u00e1stico<\/li>\n<li>Seguro de poner en su boca.<\/li>\n<\/ul>\n<p><strong>ESPECIFICACIONES:<\/strong><\/p>\n<ul>\n<li>Material: l\u00e1tex,&nbsp;material no t\u00f3xico y respetuoso con el medio ambiente;<\/li>\n<li>Ocasiones para usarla: Fiesta, foto, espect\u00e1culo de magia, halloween y cuando quieras.<\/li>\n<li>Caracter\u00edsticas: No t\u00f3xico, realista, el\u00e1stico<\/li>\n<li>Dimensi\u00f3n: 5,5 cm x 3,5 cm x 1 cm\/2.17&#8243; x 1.38&#8243; x 0.39&#8243; (aprox.)<\/li>\n<li>Peso: 11,3 gr.<\/li>\n<\/ul>\n<p><strong>INCLUYE:&nbsp;<\/strong><\/p>\n<ul>\n<li>2 lenguas falsas.<\/li>\n<\/ul>\n<h4><strong>GARANT\u00cdA:<\/strong><\/h4>\n<ul>\n<li><strong>3 meses (por defectos de f\u00e1brica o funcionamiento).<\/strong><\/li>\n<\/ul>\n","protected":false},"excerpt":{"rendered":"<p>La lengua falsa parece real, ideal para hacer bromas, es muy&nbsp;entretenido jugar con la lengua, puedes tomarte fotos estirando la lengua y pasar un momento de mucha diversi\u00f3n, parecer\u00e1s como ni\u00f1o peque\u00f1o estrenando juguete. Disfruta momentos agradables con familiares y amigos distray\u00e9ndose de la rutina diaria.&nbsp; Tendr\u00e1s dos lenguas falsas para lograr disfrutar con otra [&hellip;]<\/p>\n","protected":false},"featured_media":7163,"template":"","meta":{"ocean_post_layout":"","ocean_both_sidebars_style":"","ocean_both_sidebars_content_width":0,"ocean_both_sidebars_sidebars_width":0,"ocean_sidebar":"","ocean_second_sidebar":"","ocean_disable_margins":"enable","ocean_add_body_class":"","ocean_shortcode_before_top_bar":"","ocean_shortcode_after_top_bar":"","ocean_shortcode_before_header":"","ocean_shortcode_after_header":"","ocean_has_shortcode":"","ocean_shortcode_after_title":"","ocean_shortcode_before_footer_widgets":"","ocean_shortcode_after_footer_widgets":"","ocean_shortcode_before_footer_bottom":"","ocean_shortcode_after_footer_bottom":"","ocean_display_top_bar":"default","ocean_display_header":"default","ocean_header_style":"","ocean_center_header_left_menu":"","ocean_custom_header_template":"","ocean_custom_logo":0,"ocean_custom_retina_logo":0,"ocean_custom_logo_max_width":0,"ocean_custom_logo_tablet_max_width":0,"ocean_custom_logo_mobile_max_width":0,"ocean_custom_logo_max_height":0,"ocean_custom_logo_tablet_max_height":0,"ocean_custom_logo_mobile_max_height":0,"ocean_header_custom_menu":"","ocean_menu_typo_font_family":"","ocean_menu_typo_font_subset":"","ocean_menu_typo_font_size":0,"ocean_menu_typo_font_size_tablet":0,"ocean_menu_typo_font_size_mobile":0,"ocean_menu_typo_font_size_unit":"px","ocean_menu_typo_font_weight":"","ocean_menu_typo_font_weight_tablet":"","ocean_menu_typo_font_weight_mobile":"","ocean_menu_typo_transform":"","ocean_menu_typo_transform_tablet":"","ocean_menu_typo_transform_mobile":"","ocean_menu_typo_line_height":0,"ocean_menu_typo_line_height_tablet":0,"ocean_menu_typo_line_height_mobile":0,"ocean_menu_typo_line_height_unit":"","ocean_menu_typo_spacing":0,"ocean_menu_typo_spacing_tablet":0,"ocean_menu_typo_spacing_mobile":0,"ocean_menu_typo_spacing_unit":"","ocean_menu_link_color":"","ocean_menu_link_color_hover":"","ocean_menu_link_color_active":"","ocean_menu_link_background":"","ocean_menu_link_hover_background":"","ocean_menu_link_active_background":"","ocean_menu_social_links_bg":"","ocean_menu_social_hover_links_bg":"","ocean_menu_social_links_color":"","ocean_menu_social_hover_links_color":"","ocean_disable_title":"default","ocean_disable_heading":"default","ocean_post_title":"","ocean_post_subheading":"","ocean_post_title_style":"","ocean_post_title_background_color":"","ocean_post_title_background":0,"ocean_post_title_bg_image_position":"","ocean_post_title_bg_image_attachment":"","ocean_post_title_bg_image_repeat":"","ocean_post_title_bg_image_size":"","ocean_post_title_height":0,"ocean_post_title_bg_overlay":0.5,"ocean_post_title_bg_overlay_color":"","ocean_disable_breadcrumbs":"default","ocean_breadcrumbs_color":"","ocean_breadcrumbs_separator_color":"","ocean_breadcrumbs_links_color":"","ocean_breadcrumbs_links_hover_color":"","ocean_display_footer_widgets":"default","ocean_display_footer_bottom":"default","ocean_custom_footer_template":""},"product_cat":[22],"product_tag":[],"class_list":{"0":"post-7162","1":"product","2":"type-product","3":"status-publish","4":"has-post-thumbnail","5":"hentry","6":"product_cat-jugueteria","8":"entry","9":"has-media","10":"owp-thumbs-layout-horizontal","11":"owp-btn-normal","12":"owp-tabs-layout-horizontal","13":"has-no-thumbnails","14":"has-product-nav"},"jetpack_sharing_enabled":true,"_links":{"self":[{"href":"https:\/\/tienda.mascotascolombia.org\/index.php\/wp-json\/wp\/v2\/product\/7162","targetHints":{"allow":["GET"]}}],"collection":[{"href":"https:\/\/tienda.mascotascolombia.org\/index.php\/wp-json\/wp\/v2\/product"}],"about":[{"href":"https:\/\/tienda.mascotascolombia.org\/index.php\/wp-json\/wp\/v2\/types\/product"}],"wp:featuredmedia":[{"embeddable":true,"href":"https:\/\/tienda.mascotascolombia.org\/index.php\/wp-json\/wp\/v2\/media\/7163"}],"wp:attachment":[{"href":"https:\/\/tienda.mascotascolombia.org\/index.php\/wp-json\/wp\/v2\/media?parent=7162"}],"wp:term":[{"taxonomy":"product_cat","embeddable":true,"href":"https:\/\/tienda.mascotascolombia.org\/index.php\/wp-json\/wp\/v2\/product_cat?post=7162"},{"taxonomy":"product_tag","embeddable":true,"href":"https:\/\/tienda.mascotascolombia.org\/index.php\/wp-json\/wp\/v2\/product_tag?post=7162"}],"curies":[{"name":"wp","href":"https:\/\/api.w.org\/{rel}","templated":true}]}}