{"id":6350,"date":"2023-09-20T16:40:41","date_gmt":"2023-09-20T14:40:41","guid":{"rendered":"https:\/\/tienda.mascotascolombia.org\/index.php\/producto\/consola-videojuegos-portatil-inalambrica\/"},"modified":"2023-09-20T16:47:10","modified_gmt":"2023-09-20T14:47:10","slug":"consola-videojuegos-portatil-inalambrica","status":"publish","type":"product","link":"https:\/\/tienda.mascotascolombia.org\/index.php\/producto\/consola-videojuegos-portatil-inalambrica\/","title":{"rendered":"Consola videojuegos portatil inalambrica"},"content":{"rendered":"<h2><strong>Consola Juegos Port\u00e1til Inal\u00e1mbrica 2.4Ghz 638 Juegos Ng Entrada HDMI<\/strong><br \/>&nbsp;<\/h2>\n<p>4K HDMI Mini consola de videojuegos de TV Dual 2,4G controlador de Gamepad Dongle inal\u00e1mbrico de juego integrado en 638 juegos reproductor de Juegos Retro<\/p>\n<p>&nbsp;<\/p>\n<p>F\u00e1cil de usar, solo con\u00e9ctelo y juegue. 638 juegos cl\u00e1sicos integrados que te permiten disfrutar de una diversi\u00f3n sin fin. Hay dos gamepads inal\u00e1mbricos de 2,4G, para que puedas divertirte con tus amigos mientras la consola de juegos est\u00e1 encendida. El dise\u00f1o Retro y cl\u00e1sico recupera la memoria de tu infancia. Los joysticks ergon\u00f3micos te garantizan una sensaci\u00f3n de manos suave y c\u00f3moda en los Juegos.<\/p>\n<p>&nbsp;<\/p>\n<p><strong>Juego Retro inal\u00e1mbrico compatible con salida HMDI<\/strong><\/p>\n<p>&nbsp;<\/p>\n<p>La versi\u00f3n cl\u00e1sica del dise\u00f1o del mango hace que los dos gamepads se vean m\u00e1s simples y elegantes, dando al jugador una sensaci\u00f3n retro. Si quieres jugar juegos cl\u00e1sicos con buenos amigos o familiares, recuerda la infancia feliz, olv\u00eddate de los problemas de la vida y el trabajo, no te lo pierdas, \u00a1aseg\u00farate de elegirlo! \u00a1Esta consola de juegos puede cumplir tus requisitos! Recuerda, \u00a1este producto es una gran opci\u00f3n para un buen amigo!<\/p>\n<p>&nbsp;<\/p>\n<p><strong>No se requiere acci\u00f3n<\/strong><\/p>\n<p>&nbsp;<\/p>\n<p>Simplemente conecte la consola de juegos al puerto USB del televisor y use la TV. El control remoto establece el canal correspondiente y puedes comenzar a jugar. \u00a1Muy simple y f\u00e1cil de operar! Nota: Si Conecta la consola de juegos a la interfaz usb del televisor y encuentra que no hay reacci\u00f3n, hemos probado y podemos terminar que el voltaje puede no ser el mismo debido a la diferencia de voltaje en cada pa\u00eds. La soluci\u00f3n que ofrecemos es no conectar la consola de juegos directamente a la TV. Puede usar un enchufe USB externo para ued. No se preocupe, esto es solo un peque\u00f1o n\u00famero de clientes que no pueden usar, \u00a1la mayor\u00eda de los clientes pueden operar normalmente!<\/p>\n<p>&nbsp;<\/p>\n<p>638 juegos cl\u00e1sicos integrados sin repetici\u00f3n<\/p>\n<p>Admite salida HDMI<\/p>\n<p>&nbsp;<\/p>\n<p>La consola de videojuegos puede jugar funciones inal\u00e1mbricas y admite carga USB a 10 metros. Se est\u00e1 resolviendo debido a la longitud de la l\u00ednea del mango, tiene que estar cerca de la TV, lo que resulta en una p\u00e9rdida de visi\u00f3n causada por sumergirse en un juego feroz durante mucho tiempo. Nota: Este mando no admite guardar el juego actualmente.<\/p>\n<p>&nbsp;<\/p>\n<p>Ahorro de energ\u00eda<\/p>\n<p>&nbsp;<\/p>\n<p>\u00a1Conexi\u00f3n infrarroja de baja potencia! Este controlador requiere dos pilas AAA. Debido a problemas de seguridad durante el transporte, nuestro embalaje no env\u00eda bater\u00edas. Los clientes deben comprar en una tienda local. \u00bfPor qu\u00e9 deber\u00eda la consola dise\u00f1ar controladores AAA para los clientes? De acuerdo con nuestros muchos a\u00f1os de experiencia en ventas, creemos que el controlador de juego de bater\u00eda de litio tiene una cierta vida \u00fatil, Queremos brindarle un mejor servicio y calidad, \u00a1La soluci\u00f3n de manejo con bater\u00eda AAA es la mejor!<\/p>\n","protected":false},"excerpt":{"rendered":"<p>Consola Juegos Port\u00e1til Inal\u00e1mbrica 2.4Ghz 638 Juegos Ng Entrada HDMI&nbsp; 4K HDMI Mini consola de videojuegos de TV Dual 2,4G controlador de Gamepad Dongle inal\u00e1mbrico de juego integrado en 638 juegos reproductor de Juegos Retro &nbsp; F\u00e1cil de usar, solo con\u00e9ctelo y juegue. 638 juegos cl\u00e1sicos integrados que te permiten disfrutar de una diversi\u00f3n sin [&hellip;]<\/p>\n","protected":false},"featured_media":6351,"template":"","meta":{"ocean_post_layout":"","ocean_both_sidebars_style":"","ocean_both_sidebars_content_width":0,"ocean_both_sidebars_sidebars_width":0,"ocean_sidebar":"","ocean_second_sidebar":"","ocean_disable_margins":"enable","ocean_add_body_class":"","ocean_shortcode_before_top_bar":"","ocean_shortcode_after_top_bar":"","ocean_shortcode_before_header":"","ocean_shortcode_after_header":"","ocean_has_shortcode":"","ocean_shortcode_after_title":"","ocean_shortcode_before_footer_widgets":"","ocean_shortcode_after_footer_widgets":"","ocean_shortcode_before_footer_bottom":"","ocean_shortcode_after_footer_bottom":"","ocean_display_top_bar":"default","ocean_display_header":"default","ocean_header_style":"","ocean_center_header_left_menu":"","ocean_custom_header_template":"","ocean_custom_logo":0,"ocean_custom_retina_logo":0,"ocean_custom_logo_max_width":0,"ocean_custom_logo_tablet_max_width":0,"ocean_custom_logo_mobile_max_width":0,"ocean_custom_logo_max_height":0,"ocean_custom_logo_tablet_max_height":0,"ocean_custom_logo_mobile_max_height":0,"ocean_header_custom_menu":"","ocean_menu_typo_font_family":"","ocean_menu_typo_font_subset":"","ocean_menu_typo_font_size":0,"ocean_menu_typo_font_size_tablet":0,"ocean_menu_typo_font_size_mobile":0,"ocean_menu_typo_font_size_unit":"px","ocean_menu_typo_font_weight":"","ocean_menu_typo_font_weight_tablet":"","ocean_menu_typo_font_weight_mobile":"","ocean_menu_typo_transform":"","ocean_menu_typo_transform_tablet":"","ocean_menu_typo_transform_mobile":"","ocean_menu_typo_line_height":0,"ocean_menu_typo_line_height_tablet":0,"ocean_menu_typo_line_height_mobile":0,"ocean_menu_typo_line_height_unit":"","ocean_menu_typo_spacing":0,"ocean_menu_typo_spacing_tablet":0,"ocean_menu_typo_spacing_mobile":0,"ocean_menu_typo_spacing_unit":"","ocean_menu_link_color":"","ocean_menu_link_color_hover":"","ocean_menu_link_color_active":"","ocean_menu_link_background":"","ocean_menu_link_hover_background":"","ocean_menu_link_active_background":"","ocean_menu_social_links_bg":"","ocean_menu_social_hover_links_bg":"","ocean_menu_social_links_color":"","ocean_menu_social_hover_links_color":"","ocean_disable_title":"default","ocean_disable_heading":"default","ocean_post_title":"","ocean_post_subheading":"","ocean_post_title_style":"","ocean_post_title_background_color":"","ocean_post_title_background":0,"ocean_post_title_bg_image_position":"","ocean_post_title_bg_image_attachment":"","ocean_post_title_bg_image_repeat":"","ocean_post_title_bg_image_size":"","ocean_post_title_height":0,"ocean_post_title_bg_overlay":0.5,"ocean_post_title_bg_overlay_color":"","ocean_disable_breadcrumbs":"default","ocean_breadcrumbs_color":"","ocean_breadcrumbs_separator_color":"","ocean_breadcrumbs_links_color":"","ocean_breadcrumbs_links_hover_color":"","ocean_display_footer_widgets":"default","ocean_display_footer_bottom":"default","ocean_custom_footer_template":""},"product_cat":[21],"product_tag":[],"class_list":{"0":"post-6350","1":"product","2":"type-product","3":"status-publish","4":"has-post-thumbnail","5":"hentry","6":"product_cat-tecnologia","8":"entry","9":"has-media","10":"owp-thumbs-layout-horizontal","11":"owp-btn-normal","12":"owp-tabs-layout-horizontal","13":"has-no-thumbnails","14":"has-product-nav"},"jetpack_sharing_enabled":true,"_links":{"self":[{"href":"https:\/\/tienda.mascotascolombia.org\/index.php\/wp-json\/wp\/v2\/product\/6350","targetHints":{"allow":["GET"]}}],"collection":[{"href":"https:\/\/tienda.mascotascolombia.org\/index.php\/wp-json\/wp\/v2\/product"}],"about":[{"href":"https:\/\/tienda.mascotascolombia.org\/index.php\/wp-json\/wp\/v2\/types\/product"}],"wp:featuredmedia":[{"embeddable":true,"href":"https:\/\/tienda.mascotascolombia.org\/index.php\/wp-json\/wp\/v2\/media\/6351"}],"wp:attachment":[{"href":"https:\/\/tienda.mascotascolombia.org\/index.php\/wp-json\/wp\/v2\/media?parent=6350"}],"wp:term":[{"taxonomy":"product_cat","embeddable":true,"href":"https:\/\/tienda.mascotascolombia.org\/index.php\/wp-json\/wp\/v2\/product_cat?post=6350"},{"taxonomy":"product_tag","embeddable":true,"href":"https:\/\/tienda.mascotascolombia.org\/index.php\/wp-json\/wp\/v2\/product_tag?post=6350"}],"curies":[{"name":"wp","href":"https:\/\/api.w.org\/{rel}","templated":true}]}}